{"id":43,"date":"2021-03-01T10:03:41","date_gmt":"2021-03-01T10:03:41","guid":{"rendered":"http:\/\/orchesterstellen.rheinbrass.de\/?page_id=43"},"modified":"2021-03-12T12:12:31","modified_gmt":"2021-03-12T11:12:31","slug":"prokofieff-sergej","status":"publish","type":"page","link":"https:\/\/www.trompeten-stellen.de\/?page_id=43","title":{"rendered":"PROKOFIEFF"},"content":{"rendered":"\n<h3 class=\"wp-block-heading\">Sergej Prokofieff (1891-1953)<\/h3>\n\n\n\n<h4 class=\"wp-block-heading\"><strong>Romeo und Julia<\/strong><\/h4>\n\n\n\n<p><strong>Nr. 11 Ankunft der G\u00e4ste<\/strong><\/p>\n\n\n\n<p>Ziffer 62<\/p>\n\n\n\n<ul class=\"wp-block-list\"><li><a href=\"https:\/\/www.youtube.com\/watch?v=-hM0B70F1YM&amp;t=1388s\" data-type=\"URL\" data-id=\"https:\/\/www.youtube.com\/watch?v=-hM0B70F1YM&amp;t=1388s\" target=\"_blank\" rel=\"noreferrer noopener\">Orchestre de l&#8217;op\u00e9ra de Paris, Vello P\u00e4hn<\/a><\/li><\/ul>\n\n\n\n<p>Ziffer 66<\/p>\n\n\n\n<ul class=\"wp-block-list\"><li><a href=\"https:\/\/www.youtube.com\/watch?v=-hM0B70F1YM&amp;t=1457s\" data-type=\"URL\" data-id=\"https:\/\/www.youtube.com\/watch?v=-hM0B70F1YM&amp;t=1457s\" target=\"_blank\" rel=\"noreferrer noopener\">Orchestre de l&#8217;op\u00e9ra de Paris, Vello P\u00e4hn<\/a><\/li><\/ul>\n\n\n\n<p><strong>Nr. 12 Maskenspiel<\/strong><\/p>\n\n\n\n<ul class=\"wp-block-list\"><li><a href=\"https:\/\/www.youtube.com\/watch?v=-hM0B70F1YM&amp;t=1592s\" data-type=\"URL\" data-id=\"https:\/\/www.youtube.com\/watch?v=-hM0B70F1YM&amp;t=1592s\" target=\"_blank\" rel=\"noreferrer noopener\">Orchestre de l&#8217;op\u00e9ra de Paris, Vello P\u00e4hn<\/a><\/li><\/ul>\n\n\n\n<p><strong>Nr. 48 Morgenst\u00e4ndchen<\/strong><\/p>\n\n\n\n<ul class=\"wp-block-list\"><li><a rel=\"noreferrer noopener\" href=\"https:\/\/www.youtube.com\/watch?v=-hM0B70F1YM&amp;t=7101s\" data-type=\"URL\" data-id=\"https:\/\/www.youtube.com\/watch?v=-hM0B70F1YM&amp;t=7101s\" target=\"_blank\">Orchestre de l&#8217;op\u00e9ra de Paris, Vello P\u00e4hn<\/a> (hier ohne Wiederholung)<\/li><\/ul>\n\n\n\n<p><a href=\"https:\/\/trompeten-stellen.de\/\" data-type=\"page\" data-id=\"11\">zur\u00fcck<\/a><\/p>\n","protected":false},"excerpt":{"rendered":"<p>Sergej Prokofieff (1891-1953) Romeo und Julia Nr. 11 Ankunft der G\u00e4ste Ziffer 62 Orchestre de l&#8217;op\u00e9ra de Paris, Vello P\u00e4hn Ziffer 66 Orchestre de l&#8217;op\u00e9ra de Paris, Vello P\u00e4hn Nr. 12 Maskenspiel Orchestre de l&#8217;op\u00e9ra de Paris, Vello P\u00e4hn Nr. 48 Morgenst\u00e4ndchen Orchestre de l&#8217;op\u00e9ra de Paris, Vello P\u00e4hn (hier ohne Wiederholung) zur\u00fcck<\/p>\n","protected":false},"author":1,"featured_media":0,"parent":0,"menu_order":0,"comment_status":"closed","ping_status":"closed","template":"","meta":{"footnotes":""},"class_list":["post-43","page","type-page","status-publish","hentry"],"_links":{"self":[{"href":"https:\/\/www.trompeten-stellen.de\/index.php?rest_route=\/wp\/v2\/pages\/43","targetHints":{"allow":["GET"]}}],"collection":[{"href":"https:\/\/www.trompeten-stellen.de\/index.php?rest_route=\/wp\/v2\/pages"}],"about":[{"href":"https:\/\/www.trompeten-stellen.de\/index.php?rest_route=\/wp\/v2\/types\/page"}],"author":[{"embeddable":true,"href":"https:\/\/www.trompeten-stellen.de\/index.php?rest_route=\/wp\/v2\/users\/1"}],"replies":[{"embeddable":true,"href":"https:\/\/www.trompeten-stellen.de\/index.php?rest_route=%2Fwp%2Fv2%2Fcomments&post=43"}],"version-history":[{"count":9,"href":"https:\/\/www.trompeten-stellen.de\/index.php?rest_route=\/wp\/v2\/pages\/43\/revisions"}],"predecessor-version":[{"id":507,"href":"https:\/\/www.trompeten-stellen.de\/index.php?rest_route=\/wp\/v2\/pages\/43\/revisions\/507"}],"wp:attachment":[{"href":"https:\/\/www.trompeten-stellen.de\/index.php?rest_route=%2Fwp%2Fv2%2Fmedia&parent=43"}],"curies":[{"name":"wp","href":"https:\/\/api.w.org\/{rel}","templated":true}]}}