{"id":32,"date":"2021-03-01T10:03:40","date_gmt":"2021-03-01T10:03:40","guid":{"rendered":"http:\/\/orchesterstellen.rheinbrass.de\/?page_id=32"},"modified":"2021-03-07T14:10:33","modified_gmt":"2021-03-07T13:10:33","slug":"bizet-georges","status":"publish","type":"page","link":"https:\/\/www.trompeten-stellen.de\/?page_id=32","title":{"rendered":"BIZET"},"content":{"rendered":"\n<h3 class=\"wp-block-heading\">Georges Bizet (1838-1875)<\/h3>\n\n\n\n<h4 class=\"wp-block-heading\">Carmen<\/h4>\n\n\n\n<p><strong>1. Akt<\/strong><\/p>\n\n\n\n<p>tiefe Stelle<\/p>\n\n\n\n<ul class=\"wp-block-list\"><li><a rel=\"noreferrer noopener\" href=\"https:\/\/www.youtube.com\/watch?v=zTDMvyj4TFg&amp;t=3m25s\" target=\"_blank\">Op\u00e9ra National de Paris, Fr\u00e9d\u00e9ric Chaslin<\/a><\/li><\/ul>\n\n\n\n<p><strong>1. Akt<\/strong><\/p>\n\n\n\n<p>Signal, darauffolgend Chor der Gassenjungen<\/p>\n\n\n\n<ul class=\"wp-block-list\"><li><a rel=\"noreferrer noopener\" href=\"https:\/\/www.youtube.com\/watch?v=zTDMvyj4TFg&amp;t=10m35s\" target=\"_blank\">Op\u00e9ra National de Paris, Fr\u00e9d\u00e9ric Chaslin<\/a><\/li><\/ul>\n\n\n\n<p><strong>2. Akt<\/strong><\/p>\n\n\n\n<p>Nr. 16 Duett<\/p>\n\n\n\n<ul class=\"wp-block-list\"><li><a rel=\"noreferrer noopener\" href=\"https:\/\/www.youtube.com\/watch?v=zTDMvyj4TFg&amp;t=1h15m50s\" target=\"_blank\">Op\u00e9ra National de Paris, Fr\u00e9d\u00e9ric Chaslin<\/a><\/li><\/ul>\n\n\n\n<p><strong>3. Akt<\/strong><\/p>\n\n\n\n<p>Nr. 26 Finale<\/p>\n\n\n\n<p>Ziffer 78<\/p>\n\n\n\n<ul class=\"wp-block-list\"><li><a rel=\"noreferrer noopener\" href=\"https:\/\/www.youtube.com\/watch?v=zTDMvyj4TFg&amp;t=2h28m45s\" target=\"_blank\">Op\u00e9ra National de Paris, Fr\u00e9d\u00e9ric Chaslin<\/a><\/li><\/ul>\n\n\n\n<p>Ziffer 83<\/p>\n\n\n\n<ul class=\"wp-block-list\"><li><a rel=\"noreferrer noopener\" href=\"https:\/\/www.youtube.com\/watch?v=zTDMvyj4TFg&amp;t=2h29m45s\" target=\"_blank\">Op\u00e9ra National de Paris, Fr\u00e9d\u00e9ric Chaslin<\/a><\/li><\/ul>\n\n\n\n<p>Ziffer 86<\/p>\n\n\n\n<ul class=\"wp-block-list\"><li><a rel=\"noreferrer noopener\" href=\"https:\/\/www.youtube.com\/watch?v=zTDMvyj4TFg&amp;t=2h30m42s\" target=\"_blank\">Op\u00e9ra National de Paris, Fr\u00e9d\u00e9ric Chaslin<\/a><\/li><\/ul>\n\n\n\n<p><a rel=\"noreferrer noopener\" href=\"https:\/\/www.youtube.com\/watch?v=w5yHjjepMV4\" target=\"_blank\">Philip Smith, Solotrompeter NY Philharmonic, Erl\u00e4uterung (englisch)<\/a><\/p>\n\n\n\n<p><a href=\"https:\/\/trompeten-stellen.de\/\" data-type=\"page\" data-id=\"11\">zur\u00fcck<\/a><\/p>\n","protected":false},"excerpt":{"rendered":"<p>Georges Bizet (1838-1875) Carmen 1. Akt tiefe Stelle Op\u00e9ra National de Paris, Fr\u00e9d\u00e9ric Chaslin 1. Akt Signal, darauffolgend Chor der Gassenjungen Op\u00e9ra National de Paris, Fr\u00e9d\u00e9ric Chaslin 2. Akt Nr. 16 Duett Op\u00e9ra National de Paris, Fr\u00e9d\u00e9ric Chaslin 3. Akt Nr. 26 Finale Ziffer 78 Op\u00e9ra National de Paris, Fr\u00e9d\u00e9ric Chaslin Ziffer 83 Op\u00e9ra National [&hellip;]<\/p>\n","protected":false},"author":1,"featured_media":0,"parent":0,"menu_order":0,"comment_status":"closed","ping_status":"closed","template":"","meta":{"footnotes":""},"class_list":["post-32","page","type-page","status-publish","hentry"],"_links":{"self":[{"href":"https:\/\/www.trompeten-stellen.de\/index.php?rest_route=\/wp\/v2\/pages\/32","targetHints":{"allow":["GET"]}}],"collection":[{"href":"https:\/\/www.trompeten-stellen.de\/index.php?rest_route=\/wp\/v2\/pages"}],"about":[{"href":"https:\/\/www.trompeten-stellen.de\/index.php?rest_route=\/wp\/v2\/types\/page"}],"author":[{"embeddable":true,"href":"https:\/\/www.trompeten-stellen.de\/index.php?rest_route=\/wp\/v2\/users\/1"}],"replies":[{"embeddable":true,"href":"https:\/\/www.trompeten-stellen.de\/index.php?rest_route=%2Fwp%2Fv2%2Fcomments&post=32"}],"version-history":[{"count":7,"href":"https:\/\/www.trompeten-stellen.de\/index.php?rest_route=\/wp\/v2\/pages\/32\/revisions"}],"predecessor-version":[{"id":407,"href":"https:\/\/www.trompeten-stellen.de\/index.php?rest_route=\/wp\/v2\/pages\/32\/revisions\/407"}],"wp:attachment":[{"href":"https:\/\/www.trompeten-stellen.de\/index.php?rest_route=%2Fwp%2Fv2%2Fmedia&parent=32"}],"curies":[{"name":"wp","href":"https:\/\/api.w.org\/{rel}","templated":true}]}}