{"id":29,"date":"2021-03-01T10:03:40","date_gmt":"2021-03-01T10:03:40","guid":{"rendered":"http:\/\/orchesterstellen.rheinbrass.de\/?page_id=29"},"modified":"2021-03-07T14:08:44","modified_gmt":"2021-03-07T13:08:44","slug":"bartok-bela","status":"publish","type":"page","link":"https:\/\/www.trompeten-stellen.de\/?page_id=29","title":{"rendered":"BART\u00d3K"},"content":{"rendered":"\n<h3 class=\"wp-block-heading\">B\u00e9la Bart\u00f3k (1881-1945)<\/h3>\n\n\n\n<h4 class=\"wp-block-heading\"><strong>Konzert f\u00fcr Orchester<\/strong><\/h4>\n\n\n\n<p><strong>1. Satz Introduzione<\/strong><\/p>\n\n\n\n<p>Takt 39 Andante non troppo<\/p>\n\n\n\n<ul class=\"wp-block-list\"><li><a rel=\"noreferrer noopener\" href=\"https:\/\/www.youtube.com\/watch?v=pG26BMDVR9E&amp;t=1m53s\" target=\"_blank\">hr-Sinfonieorchester, Andr\u00e9s Orozco-Estrada<\/a><\/li><li><a rel=\"noreferrer noopener\" href=\"https:\/\/www.youtube.com\/watch?v=uSIwiWA5c2U&amp;t=1m41s\" target=\"_blank\">SWR Symphonieorchester, Christoph Eschenbach<\/a><\/li><\/ul>\n\n\n\n<p>Takt 231 Allegro vivace<\/p>\n\n\n\n<ul class=\"wp-block-list\"><li><a rel=\"noreferrer noopener\" href=\"https:\/\/www.youtube.com\/watch?v=pG26BMDVR9E&amp;t=6m06s\" target=\"_blank\">hr-Sinfonieorchester, Andr\u00e9s Orozco-Estrada<\/a><\/li><li><a rel=\"noreferrer noopener\" href=\"https:\/\/www.youtube.com\/watch?v=uSIwiWA5c2U&amp;t=5m45s\" target=\"_blank\">SWR Symphonieorchester, Christoph Eschenbach<\/a><\/li><\/ul>\n\n\n\n<p>Takt 328<\/p>\n\n\n\n<ul class=\"wp-block-list\"><li><a rel=\"noreferrer noopener\" href=\"https:\/\/www.youtube.com\/watch?v=pG26BMDVR9E&amp;t=7m26s\" target=\"_blank\">hr-Sinfonieorchester, Andr\u00e9s Orozco-Estrada<\/a><\/li><li><a rel=\"noreferrer noopener\" href=\"https:\/\/www.youtube.com\/watch?v=uSIwiWA5c2U&amp;t=7m05s\" target=\"_blank\">SWR Symphonieorchester, Christoph Eschenbach<\/a><\/li><\/ul>\n\n\n\n<p><strong>2. Satz Giuoco delle coppie<\/strong><\/p>\n\n\n\n<p>Takt 90 Allegretto scherzando<\/p>\n\n\n\n<ul class=\"wp-block-list\"><li><a rel=\"noreferrer noopener\" href=\"https:\/\/www.youtube.com\/watch?v=pG26BMDVR9E&amp;t=12m38s\" target=\"_blank\">hr-Sinfonieorchester, Andr\u00e9s Orozco-Estrada<\/a><\/li><li><a rel=\"noreferrer noopener\" href=\"https:\/\/www.youtube.com\/watch?v=uSIwiWA5c2U&amp;t=12m18s\" target=\"_blank\">SWR Symphonieorchester, Christoph Eschenbach<\/a><\/li><\/ul>\n\n\n\n<p><strong>5. Satz Finale<\/strong><\/p>\n\n\n\n<p>Takt 201 Presto<\/p>\n\n\n\n<ul class=\"wp-block-list\"><li><a rel=\"noreferrer noopener\" href=\"https:\/\/www.youtube.com\/watch?v=pG26BMDVR9E&amp;t=32m21s\" target=\"_blank\">hr-Sinfonieorchester, Andr\u00e9s Orozco-Estrada<\/a><\/li><li><a rel=\"noreferrer noopener\" href=\"https:\/\/www.youtube.com\/watch?v=uSIwiWA5c2U&amp;t=31m53s\" target=\"_blank\">SWR Symphonieorchester, Christoph Eschenbach<\/a><\/li><\/ul>\n\n\n\n<p>Takt 556 Lo stesso tempo, ma pesante<\/p>\n\n\n\n<ul class=\"wp-block-list\"><li><a rel=\"noreferrer noopener\" href=\"https:\/\/www.youtube.com\/watch?v=pG26BMDVR9E&amp;t=38m16s\" target=\"_blank\">hr-Sinfonieorchester, Andr\u00e9s Orozco-Estrada<\/a><\/li><li><a rel=\"noreferrer noopener\" href=\"https:\/\/www.youtube.com\/watch?v=uSIwiWA5c2U&amp;t=37m26s\" target=\"_blank\">SWR Symphonieorchester, Christoph Eschenbach<\/a><\/li><\/ul>\n\n\n\n<p><a rel=\"noreferrer noopener\" href=\"https:\/\/www.youtube.com\/watch?v=xDfa7ozOjVg\" target=\"_blank\">Philip Smith, Solotrompeter der NY Philharmonic, Erl\u00e4uterungen (englisch)<\/a><\/p>\n\n\n\n<p><a href=\"https:\/\/trompeten-stellen.de\/\" data-type=\"page\" data-id=\"11\">zur\u00fcck<\/a><\/p>\n","protected":false},"excerpt":{"rendered":"<p>B\u00e9la Bart\u00f3k (1881-1945) Konzert f\u00fcr Orchester 1. Satz Introduzione Takt 39 Andante non troppo hr-Sinfonieorchester, Andr\u00e9s Orozco-Estrada SWR Symphonieorchester, Christoph Eschenbach Takt 231 Allegro vivace hr-Sinfonieorchester, Andr\u00e9s Orozco-Estrada SWR Symphonieorchester, Christoph Eschenbach Takt 328 hr-Sinfonieorchester, Andr\u00e9s Orozco-Estrada SWR Symphonieorchester, Christoph Eschenbach 2. Satz Giuoco delle coppie Takt 90 Allegretto scherzando hr-Sinfonieorchester, Andr\u00e9s Orozco-Estrada SWR Symphonieorchester, [&hellip;]<\/p>\n","protected":false},"author":1,"featured_media":0,"parent":0,"menu_order":0,"comment_status":"closed","ping_status":"closed","template":"","meta":{"footnotes":""},"class_list":["post-29","page","type-page","status-publish","hentry"],"_links":{"self":[{"href":"https:\/\/www.trompeten-stellen.de\/index.php?rest_route=\/wp\/v2\/pages\/29","targetHints":{"allow":["GET"]}}],"collection":[{"href":"https:\/\/www.trompeten-stellen.de\/index.php?rest_route=\/wp\/v2\/pages"}],"about":[{"href":"https:\/\/www.trompeten-stellen.de\/index.php?rest_route=\/wp\/v2\/types\/page"}],"author":[{"embeddable":true,"href":"https:\/\/www.trompeten-stellen.de\/index.php?rest_route=\/wp\/v2\/users\/1"}],"replies":[{"embeddable":true,"href":"https:\/\/www.trompeten-stellen.de\/index.php?rest_route=%2Fwp%2Fv2%2Fcomments&post=29"}],"version-history":[{"count":6,"href":"https:\/\/www.trompeten-stellen.de\/index.php?rest_route=\/wp\/v2\/pages\/29\/revisions"}],"predecessor-version":[{"id":404,"href":"https:\/\/www.trompeten-stellen.de\/index.php?rest_route=\/wp\/v2\/pages\/29\/revisions\/404"}],"wp:attachment":[{"href":"https:\/\/www.trompeten-stellen.de\/index.php?rest_route=%2Fwp%2Fv2%2Fmedia&parent=29"}],"curies":[{"name":"wp","href":"https:\/\/api.w.org\/{rel}","templated":true}]}}