{"id":288,"date":"2021-03-02T12:46:45","date_gmt":"2021-03-02T12:46:45","guid":{"rendered":"http:\/\/orchesterstellen.rheinbrass.de\/?page_id=288"},"modified":"2026-02-25T08:18:59","modified_gmt":"2026-02-25T07:18:59","slug":"letzte-aenderungen","status":"publish","type":"page","link":"https:\/\/www.trompeten-stellen.de\/?page_id=288","title":{"rendered":"Letzte \u00c4nderungen"},"content":{"rendered":"\n<h3 class=\"wp-block-heading\">Beginnend mit dem 2. M\u00e4rz 2021<\/h3>\n\n\n\n<ul class=\"wp-block-list\">\n<li>2. M\u00e4rz 2021 komplette Seite inhaltlich gleich mit os.rheinbrass.de, <a href=\"https:\/\/trompeten-stellen.de\/?page_id=34\" data-type=\"page\" data-id=\"34\">Britten<\/a> und <a href=\"https:\/\/trompeten-stellen.de\/?page_id=35\" data-type=\"page\" data-id=\"35\">Bruckner<\/a> fertig<\/li>\n\n\n\n<li>3. M\u00e4rz 2021 <a href=\"https:\/\/trompeten-stellen.de\/?page_id=50\" data-type=\"page\" data-id=\"50\">Tschaikowski<\/a> fertig<\/li>\n\n\n\n<li>5. M\u00e4rz 2021 <a href=\"https:\/\/trompeten-stellen.de\/?page_id=48\" data-type=\"page\" data-id=\"48\">Strauss<\/a> Don Juan, Tod und Verkl\u00e4rung, Also sprach Zarathustra, Don Quixote, Ein Heldenleben hinzugef\u00fcgt, <a href=\"https:\/\/trompeten-stellen.de\/?page_id=52\" data-type=\"page\" data-id=\"52\">Wagner<\/a> Siegfried gesperrte Links gel\u00f6scht und fertiggestellt, G\u00f6tterd\u00e4mmerung fast fertig, <a rel=\"noreferrer noopener\" href=\"https:\/\/trompeten-stellen.de\/?page_id=42\" data-type=\"page\" data-id=\"42\" target=\"_blank\">Nicolai<\/a> fertig, alte Seite os.rheinbrass.de permanent auf diese Seite umgeleitet<\/li>\n\n\n\n<li>6. M\u00e4rz 2021 <a href=\"https:\/\/trompeten-stellen.de\/?page_id=48\" data-type=\"page\" data-id=\"48\">Strauss<\/a> Sinfonia Domestica hinzugef\u00fcgt<\/li>\n\n\n\n<li>7. M\u00e4rz 2021 <a href=\"https:\/\/trompeten-stellen.de\/?page_id=40\" data-type=\"page\" data-id=\"40\">Mozart<\/a> Die Hochzeit des Figaro, <a href=\"https:\/\/trompeten-stellen.de\/?page_id=39\" data-type=\"page\" data-id=\"39\">Mahler<\/a> Sinfonie Nr. 7, <a href=\"https:\/\/trompeten-stellen.de\/?page_id=48\" data-type=\"page\" data-id=\"48\">Strauss<\/a> Sinfonia Domestica zus\u00e4tzliche historische Aufnahme hinzugef\u00fcgt, \u00dcberschriften verkleinert f\u00fcr die Ausgabe auf Mobilger\u00e4ten, <a href=\"https:\/\/trompeten-stellen.de\/?page_id=46\" data-type=\"page\" data-id=\"46\">Schumann<\/a> Sinfonie Nr. 2 und <a href=\"https:\/\/trompeten-stellen.de\/?page_id=47\" data-type=\"page\" data-id=\"47\">Skrjabin<\/a> Le Po\u00e8me de l&#8217;extase hinzugef\u00fcgt<\/li>\n\n\n\n<li>8. M\u00e4rz 2021 \u00dcberschriften verkleinert, <a href=\"https:\/\/trompeten-stellen.de\/?page_id=49\" data-type=\"page\" data-id=\"49\">Strawinsky<\/a> Pulcinella und Der Feuervogel, <a href=\"https:\/\/trompeten-stellen.de\/?page_id=48\" data-type=\"page\" data-id=\"48\">Strauss<\/a> Der Rosenkavalier, <a href=\"https:\/\/trompeten-stellen.de\/?page_id=51\" data-type=\"page\" data-id=\"51\">Verdi<\/a> Don Carlos hinzugef\u00fcgt<\/li>\n\n\n\n<li>10. M\u00e4rz 2021 WordPress Update auf Version 5.7, <a href=\"https:\/\/trompeten-stellen.de\/?page_id=48\" data-type=\"page\" data-id=\"48\">Strauss<\/a> Elektra, Feuersnot und Arabella hinzugef\u00fcgt<\/li>\n\n\n\n<li>11. M\u00e4rz 2021 <a href=\"https:\/\/trompeten-stellen.de\/?page_id=38\" data-type=\"page\" data-id=\"38\">Leoncavallo<\/a> Der Bajazzo, <a href=\"https:\/\/trompeten-stellen.de\/?page_id=40\" data-type=\"page\" data-id=\"40\">Mozart<\/a> Die Zauberfl\u00f6te, <a href=\"https:\/\/trompeten-stellen.de\/?page_id=51\" data-type=\"page\" data-id=\"51\">Verdi<\/a> Rigoletto und Aida, <a href=\"https:\/\/trompeten-stellen.de\/?page_id=49\" data-type=\"page\" data-id=\"49\">Strawinsky<\/a> Petruschka hinzugef\u00fcgt, oberes Men\u00fc Zeilenabstand verringert<\/li>\n\n\n\n<li>12. M\u00e4rz 2021 <a href=\"https:\/\/trompeten-stellen.de\/?page_id=51\" data-type=\"page\" data-id=\"51\">Verdi<\/a> komplett, <a href=\"https:\/\/trompeten-stellen.de\/?page_id=43\" data-type=\"page\" data-id=\"43\">Prokofieff<\/a> Romeo und Julia hinzugef\u00fcgt<\/li>\n\n\n\n<li>13. M\u00e4rz 2021 Text Startseite gek\u00fcrzt, <a href=\"https:\/\/trompeten-stellen.de\/?page_id=49\" data-type=\"page\" data-id=\"49\">Strawinsky<\/a> Le Chant du Rossignol, <a href=\"https:\/\/trompeten-stellen.de\/?page_id=31\" data-type=\"page\" data-id=\"31\">Berg<\/a> Wozzeck hinzugef\u00fcgt<\/li>\n\n\n\n<li>14. M\u00e4rz 2021 <a href=\"https:\/\/trompeten-stellen.de\/?page_id=48\" data-type=\"page\" data-id=\"48\">Strauss<\/a> Salome als letztes fehlendes St\u00fcck hinzugef\u00fcgt<\/li>\n\n\n\n<li>23. M\u00e4rz 2021 ung\u00fcltigen Link bei <a href=\"https:\/\/trompeten-stellen.de\/?page_id=36\" data-type=\"page\" data-id=\"36\">Donizetti<\/a> Don Pasquale entfernt<\/li>\n\n\n\n<li>28. April 2021 <a href=\"https:\/\/trompeten-stellen.de\/?page_id=117\" data-type=\"page\" data-id=\"117\">Haydn<\/a> Trompetenkonzert hinzugef\u00fcgt<\/li>\n\n\n\n<li>30. Mai 2021 Fehler bei <a href=\"https:\/\/trompeten-stellen.de\/?page_id=31\" data-type=\"page\" data-id=\"31\">Berg<\/a> Wozzeck beseitigt (war doch noch unvollst\u00e4ndig&#8230;), vielen Dank an Malte Weinig f\u00fcr den Hinweis!<\/li>\n\n\n\n<li>7. Juni 2021 Fehler bei <a href=\"https:\/\/trompeten-stellen.de\/?page_id=52\" data-type=\"page\" data-id=\"52\">Wagner<\/a> Walk\u00fcre 1., 2. und 3. Aufzug, ung\u00fcltige Links entfernt, danke f\u00fcr den Hinweis!<\/li>\n\n\n\n<li>2. Juli 2021 gesperrten Link bei <a href=\"https:\/\/trompeten-stellen.de\/?page_id=50\" data-type=\"page\" data-id=\"50\">Tschaikowsky<\/a> Pique Dame gel\u00f6scht, zwei neue Links und Hinweis eingef\u00fcgt<\/li>\n\n\n\n<li>23. August 2021 gesperrte Links bei <a href=\"https:\/\/trompeten-stellen.de\/?page_id=51\" data-type=\"page\" data-id=\"51\">Verdi<\/a> Troubadour gel\u00f6scht, zwei neue Links eingef\u00fcgt, vielen Dank an Ren\u00e9 Wilhelm f\u00fcr den Hinweis!<\/li>\n\n\n\n<li>11. September 2021 <a href=\"https:\/\/trompeten-stellen.de\/?page_id=117\" data-type=\"page\" data-id=\"117\">Vivaldi<\/a> Konzert C-Dur f\u00fcr zwei Trompeten eingef\u00fcgt<\/li>\n\n\n\n<li>9. Dezember 2021 WordPress Update auf Version 5.8.2, <a href=\"https:\/\/trompeten-stellen.de\/?page_id=48\" data-type=\"page\" data-id=\"48\">Strauss<\/a> Rosenkavalier ung\u00fcltige Links aktualisiert (Dank an Nicolai Belli!) und Hinweis auf &#8222;\u00dcberreichung der silbernen Rose&#8220; &#8211; c oder cis? mit Link auf Literatur eingef\u00fcgt<\/li>\n\n\n\n<li>16. Juni 2022 <a href=\"https:\/\/trompeten-stellen.de\/?page_id=42\" data-type=\"page\" data-id=\"42\">Nicolai<\/a> Mondchor ung\u00fcltige Links entfernt, Dank an Benedikt Burbaum!<\/li>\n\n\n\n<li>22. Juni 2022 gesperrten Link bei <a href=\"https:\/\/trompeten-stellen.de\/?page_id=36\" data-type=\"page\" data-id=\"36\">Donizetti<\/a> Don Pasquale gel\u00f6scht<\/li>\n\n\n\n<li>14. Februar 2025 diverse Updates<\/li>\n\n\n\n<li>23. Februar Umzug auf trompeten-stellen.de<\/li>\n\n\n\n<li>25. Februar div. Updates<\/li>\n<\/ul>\n\n\n\n<p><a href=\"https:\/\/trompeten-stellen.de\/\" data-type=\"page\" data-id=\"11\">zur\u00fcck<\/a><\/p>\n","protected":false},"excerpt":{"rendered":"<p>Beginnend mit dem 2. M\u00e4rz 2021 zur\u00fcck<\/p>\n","protected":false},"author":1,"featured_media":0,"parent":0,"menu_order":0,"comment_status":"closed","ping_status":"closed","template":"","meta":{"footnotes":""},"class_list":["post-288","page","type-page","status-publish","hentry"],"_links":{"self":[{"href":"https:\/\/www.trompeten-stellen.de\/index.php?rest_route=\/wp\/v2\/pages\/288","targetHints":{"allow":["GET"]}}],"collection":[{"href":"https:\/\/www.trompeten-stellen.de\/index.php?rest_route=\/wp\/v2\/pages"}],"about":[{"href":"https:\/\/www.trompeten-stellen.de\/index.php?rest_route=\/wp\/v2\/types\/page"}],"author":[{"embeddable":true,"href":"https:\/\/www.trompeten-stellen.de\/index.php?rest_route=\/wp\/v2\/users\/1"}],"replies":[{"embeddable":true,"href":"https:\/\/www.trompeten-stellen.de\/index.php?rest_route=%2Fwp%2Fv2%2Fcomments&post=288"}],"version-history":[{"count":74,"href":"https:\/\/www.trompeten-stellen.de\/index.php?rest_route=\/wp\/v2\/pages\/288\/revisions"}],"predecessor-version":[{"id":675,"href":"https:\/\/www.trompeten-stellen.de\/index.php?rest_route=\/wp\/v2\/pages\/288\/revisions\/675"}],"wp:attachment":[{"href":"https:\/\/www.trompeten-stellen.de\/index.php?rest_route=%2Fwp%2Fv2%2Fmedia&parent=288"}],"curies":[{"name":"wp","href":"https:\/\/api.w.org\/{rel}","templated":true}]}}